176 - 111 = 0. Suppose -8*u = -251 - h. What is the remainder when 264 is divided by u?
9
Let t = -349 - -974. Let q = t - 599. Let l = 22 - 6. What is the remainder when q is divided by l?
10
Suppose 3*p - 17 - 16 = 0. What is the remainder when ((-164)/(-902))/((-6)/(-22))*90 is divided by p?
5
Let j be (1/(-2) + (-4)/2)*-12. Suppose -4*v + j = 3*t - v, -t + v = -18. Calculate the remainder when 333 is divided by t.
11
Let y be 110/33*(-18)/(-15). Suppose 1 = -y*z - 11, -4 = 4*m - 4*z. Calculate the remainder when -1 + 26 + -3 - m is divided by 10.
6
Let z be (4/(-6))/((-26)/195). Suppose -7 = z*w - p, -4*w + p - 12 = -3*p. What is the remainder when 24 is divided by w - ((-4 - 0) + -2)?
4
Suppose 502509*t = 502540*t - 279. Calculate the remainder when 2/(1 + 20/(-22)) is divided by t.
4
Let f(k) = 4*k**2 + 19*k + 15. Let v be f(-4). What is the remainder when 291 is divided by 6*v/6*60/3?
51
Let u(p) = -3*p - p**2 + 3*p + 21 + 30 - p**3. Suppose -19*n = -67 + 67. What is the remainder when u(n) is divided by 27?
24
Let k(y) = 67*y - 192. What is the remainder when 465 is divided by k(3)?
6
Let l(x) = -256*x + 1095. Calculate the remainder when l(4) is divided by (11 - -8)*(1 + 1).
33
Let h(y) = y**3 - 7*y**2 + y + 23. Let v be h(6). Calculate the remainder when 20 is divided by 3081/273 + 2/v.
9
Let c = 199 - 87. Let q(k) = -2388*k - 109811. What is the remainder when c is divided by q(-46)?
1
Let n = 107 - 97. Let g = 114 - 69. Calculate the remainder when g is divided by n.
5
Let b(o) = -37*o - 1478. Calculate the remainder when 284 is divided by b(-41).
11
Suppose -2*x + 108 - 112 = 0. What is the remainder when 790 is divided by ((-6)/(-9))/(x/(-216))?
70
Suppose -12*f = -263 - 121. What is the remainder when 220 is divided by f?
28
Suppose 4*s - 2*v + 188 - 732 = 0, 131 = s + 2*v. Calculate the remainder when 506 is divided by s.
101
Suppose -h = -5*t - 43, 5*t - t - 292 = -4*h. What is the remainder when h is divided by (714/(-68))/((-6)/8)?
12
Suppose 4*l + 86 = 5*t, t - 6*t = 3*l - 93. Suppose 0 = 8*r - 5*r + 5*d + 362, -5*r - 618 = d. Let h = r + 156. Calculate the remainder when h is divided by t.
14
Suppose -76 = -51*w + 46*w + 3*s, 0 = w - 2*s - 18. Let b = -244 - -295. What is the remainder when b is divided by w?
9
Suppose -14*b = -11*b + 141. Let i = 35 + b. Let j(u) = -u - 9. What is the remainder when j(i) is divided by 2?
1
Let k be 58500/(-39)*3/(-2). Calculate the remainder when (-6)/(k/(-744) - -3) is divided by 25.
23
Let k = -113 + 89. Calculate the remainder when (72/(-10))/(k/80) is divided by 13.
11
Let g = -4301 + 14330. What is the remainder when g is divided by 176?
173
Suppose 15*t = -102*t + 19*t + 1764. Suppose 0 = -r - 0*q - 5*q + 224, 5*r - 1078 = -4*q. Calculate the remainder when r is divided by t.
16
Let a(d) = 19*d**2 + 39*d + 70. Calculate the remainder when 763 is divided by a(-2).
15
Let v = 45 + -43. Suppose -c = -5*z + 10, -4*c + 25 = -v*c + 5*z. Suppose d - c - 16 = 0. What is the remainder when 79 is divided by d?
16
Calculate the remainder when 130 is divided by (-27 + 29 + -16)/(1/(-3)).
4
Let g(k) = -k**3 - 7*k**2 + 2*k + 2. Suppose -2*b = -5*r - 13, 4*b = r - b - 2. Let f be g(r). Let a = f - -53. What is the remainder when 23 is divided by a?
10
Let n(z) = z**3 - z**2 - 6*z + 5. Let d(m) = 3*m**3 + 10*m**2 - 4*m + 6. Let l be ((-6)/4)/((-2)/(-4)). Calculate the remainder when n(5) is divided by d(l).
21
Let u(w) = -w**3 - 21*w**2 + 7*w + 34. Let g be u(-24). Suppose -1187 - g = -9*r. What is the remainder when r is divided by 13?
10
Let f(i) = i**3 + 29*i**2 - 9*i - 39. Calculate the remainder when f(-12) is divided by 120.
117
Suppose 6 = 4*p - p. Suppose 0 = -12*n - 4*g + 28, 5*n - 4 = -3*g + 5. What is the remainder when 2 is divided by ((-2)/p)/(2/((-6)/n))?
0
Calculate the remainder when 23 - -151 - (3/3 + -6) is divided by (-2)/(-5) + 228/5.
41
Suppose -673 = 21*k - 1156. What is the remainder when 59 is divided by k?
13
Let a = 5930 + -5840. Calculate the remainder when 295 is divided by a.
25
Suppose 0 = 3*z + z - 12. Suppose -z*d + 37 + 41 = 0. Let x = 50 - d. Calculate the remainder when 46 is divided by x.
22
Let z(a) = a**2 + 12*a + 20. Let j be (44/(-2))/(4 - (13 - 11)). What is the remainder when 13 is divided by z(j)?
4
Suppose -17*h = -16*h - 22. Suppose -h*l + 95 + 125 = 0. Calculate the remainder when 38 is divided by l.
8
Let n be -1*(-1 + 8)*(-14 + 32). Let y = 145 + n. Calculate the remainder when 52 is divided by y.
14
Suppose 29*o - 32 = -3. What is the remainder when 161 is divided by o?
0
Suppose -14*h + 10*h = -56. Let z = -12 + 14. Suppose -3*s - 5*d = -55, d - 62 = -z*s + 4*d. Calculate the remainder when s is divided by h.
11
Let g(t) = 1237*t - 9769. Suppose 0 = 4*m - 3*m - 22. Calculate the remainder when g(8) is divided by m.
17
Let l = 32 - 44. Let f = l + 37. Suppose -146 = -3*p - q, 4*p + 0*p - 2*q - 188 = 0. What is the remainder when p is divided by f?
23
Suppose -d = 5*x + 18, 4*d - 18 = -d + 2*x. Let f(c) = 88*c + 52. What is the remainder when f(d) is divided by 33?
30
Suppose -184*a + 185*a = -2*d + 19, 5*a + 3*d = 137. What is the remainder when 189 is divided by a?
3
Let f(k) = 30*k**2 + k - 1. Let g be f(1). Let m(z) = -36*z**2 - 185*z + 8. Let l be m(-5). Let p = l - g. Calculate the remainder when 8 is divided by p.
2
Suppose -22*j + 130860 = 158*j. What is the remainder when 2920 is divided by j?
12
Suppose 0 = 5*s + 3*d - 625, -500 = -4*s - 14*d + 19*d. What is the remainder when 251 is divided by s?
1
Let t(z) = 412*z**3 - 6*z**2 + 105*z - 392. Calculate the remainder when t(4) is divided by 29.
26
Let k = 4433 + -4410. Calculate the remainder when 44 is divided by k.
21
Let m(g) = g**3 + 5*g**2 - 10*g + 32. What is the remainder when 326 is divided by m(-7)?
2
Let x = 19 - 10. Let g(m) = -m**3 + 22*m**2 - 4*m - 3. Let r be g(22). Let f = r - -97. Calculate the remainder when x is divided by f.
3
Suppose 4726 = -95*l + 20686. What is the remainder when 400 is divided by l?
64
What is the remainder when 12735/25*1 + 16/(-40) is divided by 166?
11
Let l = -19592 + 19631. Let s be 6/(-3 + 90/32). Let b = -18 - s. What is the remainder when l is divided by b?
11
Let u(j) = -j**3 + 9*j**2 + 15*j - 45. Let v be 35/4 + 1 - (-20)/80. Let h(p) = p**3 + 4*p**2 - 2*p - 3. Calculate the remainder when h(-4) is divided by u(v).
0
Let p be (0*1/(-3))/4. Suppose 16*h - 4*s + 93 = 17*h, p = -3*h + 2*s + 293. What is the remainder when h is divided by 31?
4
Let f = -305 + 280. Let u(i) = -i**2 - 30*i - 9. Calculate the remainder when u(f) is divided by 25.
16
Suppose -18*k = -8*k - 3190. Let v = 328 - k. What is the remainder when 71 is divided by v?
8
Let o be (2 + 0)/(-1 + 6/3). Let d(z) = 3*z**2 - 3. Let a be d(o). Suppose a*x + 110 = 14*x. Calculate the remainder when 64 is divided by x.
20
Let j be (6 - (-399)/28)*-8. What is the remainder when 50 is divided by j/(-10) + (-1)/5?
2
Calculate the remainder when (-81530)/(-7) + -2 + (-2)/14 + 1 is divided by 128.
126
Let w(o) = 769*o + 102. What is the remainder when w(5) is divided by 79?
76
Suppose 18316*f - 18289*f - 972 = 0. What is the remainder when 210 is divided by f?
30
Let l = -14 + 22. Let k be (-14)/5*(6/2 + 7). What is the remainder when (-7)/k - (-1038)/l is divided by 44?
42
Let z = 24 - -78. Let u = -23 + 30. Let q(k) = 3*k. What is the remainder when z is divided by q(u)?
18
Let y(f) = f**3 - 4*f**2 + 5*f - 4. Let h(n) = -n**2 - 2*n + 15. Let w be h(-4). Calculate the remainder when y(w) is divided by 30.
28
Let h = -5 - -67. Calculate the remainder when h is divided by 1660/(-5810)*(-50 - -1).
6
Let z(k) = -550*k + 7205. Suppose 0 = -2*t - 2*t + 88. What is the remainder when z(13) is divided by t?
11
Suppose z = 4, 2*z = -0*v + v - 5. Let m(w) = -w**2 - 12*w - 7 + 3 - 16. What is the remainder when v is divided by m(-9)?
6
Let z(k) = 7*k**2 - 29*k + 1. Let q be z(-12). Suppose -u = -24*u + q. What is the remainder when u is divided by 15?
14
What is the remainder when (-20)/240*157*-2*30 is divided by 7?
1
Let c = -19528 - -19547. Let i be (-23)/5 - (-8)/(-20). Let w(v) = -2*v**3 - 8*v**2 - 5*v - 5. Calculate the remainder when w(i) is divided by c.
13
Let k = -110 + 430. What is the 